e the prime factors of r?
2, 3
Let k = 122 - 27. Suppose 9*m - k = 4*m. List the prime factors of m.
19
Let p be (-562)/(-10) + (-2)/10. Suppose -2*k - p = -6*k. What are the prime factors of k?
2, 7
Let w(z) be the second derivative of -z**5/20 - z**4/2 - z**3/6 - 3*z**2/2 - z. Let k be w(-6). Suppose k*t - 12 = 18. List the prime factors of t.
2, 5
Let t = -102 + 255. List the prime factors of t.
3, 17
Let p(v) = 9*v - 26. Let r(u) = -3*u + 9. Let s(x) = 2*p(x) + 7*r(x). Let k be s(-8). Let j = -23 + k. What are the prime factors of j?
2, 3
Suppose 2*v + 21 = 3*n, 4*n - 4*v = v + 28. Suppose 2*y + 4 = 3*q, 0 = -n*q + 3*q - 4*y + 32. Suppose 0 = -q*a + 24. What are the prime factors of a?
2, 3
Let k(z) = z. Let q(f) = 2*f + 14. Let s(d) = -k(d) + q(d). Suppose -5*w - 15 = 0, -3*i - 24 = -0*i + w. What are the prime factors of s(i)?
7
Let k be 4/(-3 + 0 + 1). Let d be (k + 2)/(-1 + 0). Let z(v) = v + 7. What are the prime factors of z(d)?
7
Let w(s) = 2*s**3 - s**2 + s. Let p be w(1). Suppose -6 = -2*h - 0*q - p*q, 4*h + 5*q - 15 = 0. Let u = h - -9. List the prime factors of u.
3
Let r(k) = k**3 - 7*k**2 + k - 1. Let v be r(7). Suppose -c = 2 - v. Suppose -d + 15 = c. What are the prime factors of d?
11
Suppose 5*z = -t + 55, -z + 1 + 6 = t. What are the prime factors of z?
2, 3
Let v = -1 - -3. Let q be (1 + v)/(6/(-4)). List the prime factors of q - (-21)/6*2.
5
Suppose -6*r + 5 = -5*r. Suppose -12 = -4*h, 0 = r*b - 3*b - h - 19. What are the prime factors of -1 + (b - (1 - 2))?
11
Suppose 17*j = 3*j + 938. List the prime factors of j.
67
Let c = -14 - -20. Let q = 8 - c. List the prime factors of 14 - (1 + q) - 2.
3
Suppose 2*y - 43 - 25 = 0. List the prime factors of y.
2, 17
Let a be ((-2)/3)/(4/(-12)). Let c(b) = 14*b - 2. What are the prime factors of c(a)?
2, 13
Let t(d) = d + 8. Let w = 8 + -14. Let f be t(w). Suppose -2*b - b + f*l + 28 = 0, 37 = 2*b - 5*l. List the prime factors of b.
2, 3
Suppose 37 = 3*c + 7. What are the prime factors of (-3 - -6 - c)/(-1)?
7
Suppose w - s + 480 = 4*w, 0 = -5*s - 15. What are the prime factors of w?
7, 23
Let z be 1/2 + 54/12. Suppose -43 = -3*u - u - z*x, -10 = -u - 2*x. What are the prime factors of u?
2, 3
Let r = -8 - -5. What are the prime factors of (9 + r)/((-6)/(-4))?
2
Let h be (9/27)/((-1)/3). Suppose 4*q = 3*c - 42, 0*q + 4*c = -4*q - 56. Let a = h - q. List the prime factors of a.
11
Let s(v) = 4*v. Let p = 1 - -4. Suppose -p*y + 2 = -3. List the prime factors of s(y).
2
Let v(b) be the second derivative of -b**5/20 - 5*b**4/12 + 2*b**3/3 - b**2 - 2*b. What are the prime factors of v(-6)?
2, 5
Let k(h) = h**2 - 7*h + 18. List the prime factors of k(11).
2, 31
Suppose -4 = 2*y + 16. Let p be 4/y - (-6)/15. Suppose p = -2*j + 4*d + 10 + 24, -5*j + 45 = -2*d. List the prime factors of j.
7
Suppose -8*m + 4*m + 28 = 5*a, 2*a = 2*m + 4. Let l(g) = 3*g**2 - 2*g - 2*g + 2*g. List the prime factors of l(m).
2
Let q(m) = -5 + 5 + 4 + m**2 + 4*m. What are the prime factors of q(-5)?
3
Let z = -15 + 22. List the prime factors of z.
7
Let i(t) = t**2. Let l be i(2). Let g(v) = -2*v + v**2 + 2 + 1 - v - 4. List the prime factors of g(l).
3
Suppose 2*z + 3 = -x, 2*x + 12 = -2*x. Suppose z = o - 4*o + 9. What are the prime factors of o?
3
Let z(y) = -y**3 + 5*y**2 - 2*y - 2. Let f be z(3). Suppose 0 = -2*k - 2*k + 12. Suppose 5 + f = k*p. List the prime factors of p.
5
Suppose 4*i - 218 = 2*o, 5*i + 5*o - 19 = 291. List the prime factors of i.
3, 19
Suppose -4*m + 4*t = 0, 0 = -5*m + 2*t + 6. Suppose 5*h + z - 26 = 0, -m*h - z + 6 = -5*z. List the prime factors of ((-8)/h)/(1/(-5)).
2
Let m = 5 + -7. Let u(d) = 4*d**2 + 3*d + 3. What are the prime factors of u(m)?
13
Suppose 2 = o - 7. List the prime factors of o.
3
Let h be 12/5 + 6/10. What are the prime factors of (48/20)/(h/10)?
2
Suppose -12 = -5*t + 3. What are the prime factors of t?
3
Suppose 4*x - 3 = 9. Suppose 3*d - 8 = x*h + 10, 5*d - 2*h = 21. What are the prime factors of d?
3
Let d(l) = -l**3 + 6*l**2 - 3*l + 15. Let r be d(6). What are the prime factors of (-2 - -5) + 6 + r?
2, 3
Let v(c) = -c**2 + 4*c + 5. Let y be v(5). What are the prime factors of 1 - -14 - (2 - y)?
13
Suppose 4*f - 415 = -3*w, 2*f = 4*w - 381 - 165. List the prime factors of w.
137
Let u = 407 + -186. What are the prime factors of u?
13, 17
Let b = 45 - -275. What are the prime factors of b?
2, 5
Let t(w) = -w + 1. Let y be (-3)/1*7/(-21). Let b be t(y). Suppose 4*n = m - 33, -2 = m + 3*n - b*n. What are the prime factors of m?
13
Let v be 14 - (4 + -2 + 1). Suppose -t = -j + t + v, 3*t = -5*j + 68. What are the prime factors of j?
13
Let w = -5 - 3. What are the prime factors of 10/(-25)*(w + 3)?
2
Let l = -101 + 232. List the prime factors of l.
131
Suppose 2*c - 40 = -2*c. What are the prime factors of c?
2, 5
Suppose -f + 123 = -281. List the prime factors of f.
2, 101
Suppose 7*n = 6*n + 348. What are the prime factors of n?
2, 3, 29
Suppose o + 0 - 1 = 0. Suppose 3*l - 5 = o. List the prime factors of l.
2
Let y = -7 - -7. Let q = 8 - y. List the prime factors of q.
2
Let q(s) = -6*s - 1. Let m be q(-2). Let j = 22 - m. List the prime factors of j.
11
List the prime factors of (-11)/(36/(-8) + (-20)/(-5)).
2, 11
Let x = 2 - 3. List the prime factors of 0*x/1 - -6.
2, 3
Let s = 17 - 11. Suppose s*q + 22 = 76. What are the prime factors of q?
3
Let y be 0 + -1 + 36/9. Suppose 4*d - 23 = -2*w + y, 0 = w + d - 10. Suppose w = -5*h + 17. List the prime factors of h.
2
Suppose -i = -f + 9, 2*f + i - 4 = -1. Suppose 2*v - 108 = -f*u - 20, -46 = -v - 4*u. Suppose -2*j = -0*j - v. What are the prime factors of j?
3, 7
Let c(y) = 2*y**3 - 8*y**2 + 3*y + 6. What are the prime factors of c(5)?
71
Let g(a) be the third derivative of a**5/60 + a**4/12 - 5*a**3/6 + a**2. Let d be g(-4). Let o = d - 1. List the prime factors of o.
2
List the prime factors of (-12)/42*1 + (-2524)/(-14).
2, 3, 5
Suppose 0 = -13*l + 485 + 113. List the prime factors of l.
2, 23
Suppose 5*h - 685 = 960. List the prime factors of h.
7, 47
Let o = 6 + -2. Suppose -3*b = -2*c + 7*c - 21, -16 = -o*c - 2*b. Let q = 8 - c. What are the prime factors of q?
5
Suppose -x - 32 = -5*u, -3*u + 6*u - 8 = -x. Let h = 9 + x. List the prime factors of h.
2
Let w be (-58)/(-18) - 6/27. Suppose w*m + 2*i - 21 = 0, 2*m - m + 3 = -4*i. List the prime factors of m.
3
Let n(z) = z**3 + 3*z**2 - 2*z - 4. Let q be n(-3). Let r(l) = -7 + 0*l**2 - 13*l**q - l - l**3 + l**2. What are the prime factors of r(-12)?
5
Let f(s) = 98*s**3 + 1. Let k be f(1). Suppose -5*x = -2*x - k. Suppose -88 = -5*v - x. What are the prime factors of v?
11
Let w = 54 - 16. Let l = w + -21. What are the prime factors of l?
17
Suppose -6*p + 4*d - 17 = -p, -3*d + 8 = p. What are the prime factors of (4 + p)/((-8)/(-48))?
2, 3
Let f = -2 + 6. Suppose 136 = f*d + 20. Suppose 5*l - d = 3*t, 0 = -0*l + 2*l - 4*t - 20. What are the prime factors of l?
2
Let m(b) be the third derivative of -b**4/12 - 7*b**3/6 + 3*b**2. Let d be m(-6). Let r(l) = l**2 - 5*l + 7. List the prime factors of r(d).
7
Let u(a) = 7*a**2 + 12*a - 2. What are the prime factors of u(-6)?
2, 89
Let l(h) = -h + 5. Let i be l(0). Suppose i + 2 = g. What are the prime factors of g?
7
Suppose -4*w - 3*y + 27 = 0, 4*y - 18 = -2*w + 8. Suppose 0 = -n + w*n. List the prime factors of -2*(n + 0 + -3).
2, 3
Suppose -10 = -g + 59. What are the prime factors of g?
3, 23
Let q(y) = y**2 + 3*y + 1. What are the prime factors of q(-4)?
5
Suppose -q = 7*l - 5*l - 537, 0 = -l - q + 269. What are the prime factors of l?
2, 67
List the prime factors of -21*2/(12/(-10)).
5, 7
Let q(n) = -n + 6. Let y(v) = v - 7. Let z(p) = 6*q(p) + 5*y(p). List the prime factors of z(-15).
2
Suppose 2*x = -2*w + 12, -2*w - 6 = -3*x - x. Suppose -63 = -w*k + 48. Suppose -2*i + 3*s - k = -4*i, 0 = -i - s + 16. What are the prime factors of i?
11
What are the prime factors of 2 + -1 + 26 + 0?
3
Let f = -9 + 5. Let k = -2 - f. Let t = k - -5. List the prime factors of t.
7
Let h(g) = g**3 - g**2 - 4*g + 1. Suppose -6 = -l - v, -l + v = 4*l - 42. Let w = -5 + l. What are the prime factors of h(w)?
7
Suppose k + k = -10. Let x = k - -9. What are the prime factors of (x/6)/((-6)/(-90))?
2, 5
Let l = -115 + 79. L